{"id":2,"date":"2013-10-26T12:45:01","date_gmt":"2013-10-26T12:45:01","guid":{"rendered":"http:\/\/plantasdobrasil.com.br\/blog\/?page_id=2"},"modified":"2017-03-28T21:36:13","modified_gmt":"2017-03-29T00:36:13","slug":"sobre","status":"publish","type":"page","link":"https:\/\/plantasdobrasil.com.br\/blog\/sobre\/","title":{"rendered":"Sobre"},"content":{"rendered":"<p>&nbsp;<\/p>\n<p>Este blog \u00e9 parte integrante do <a title=\"Editora Plantas do Brasil\" href=\"http:\/\/www.plantasdobrasil.com.br\" target=\"_blank\" type=\"Acesse aqui nossa Loja Virtual\" data-cke-saved-href=\"http:\/\/www.editoraplantasdobrasil.com.br\">Projeto Plantas do Brasil<\/a>, que tem como miss\u00e3o ampliar, documentar, difundir e popularizar o conhecimento sobre a biodiversidade da nossa bela e rica flora do Brasil.<\/p>\n<blockquote><p>O objetivo aqui \u00e9 criar um banco de dados colaborativo, aproveitando os benef\u00edcios da internet, onde profissionais tenham espa\u00e7o para publicar seus artigos abordando temas relacionados as plantas nativas e ex\u00f3ticas cultivadas em nosso pa\u00eds, servindo como fonte de consulta para toda a comunidade brasileira.<\/p><\/blockquote>\n<p>Al\u00e9m dos artigos de colaboradores, o blog ser\u00e1 alimentado com conte\u00fados e publica\u00e7\u00f5es exclusivas produzidas pela <a title=\"Editora Plantas do Brasil\" href=\"http:\/\/www.editoraplantasdobrasil.com.br\" target=\"_blank\" type=\"Acesse aqui nossa Loja Virtual\" data-cke-saved-href=\"http:\/\/www.editoraplantasdobrasil.com.br\">Editora Plantas do Brasil<\/a>.<\/p>\n<p>&nbsp;<\/p>\n<p><em>Editores:<\/em><\/p>\n<hr \/>\n<h3>Daniel Saueressig<\/h3>\n<p><img loading=\"lazy\" decoding=\"async\" class=\"alignleft wp-image-25095\" src=\"http:\/\/plantasdobrasil.com.br\/blog\/wp-content\/uploads\/2013\/10\/1010434_10151770643250934_1197999292_n.jpg\" sizes=\"auto, (max-width: 300px) 100vw, 300px\" width=\"194\" height=\"258\" title=\"\" alt=\"\" \/><\/p>\n<p>Daniel Saueressig \u00e9 T\u00e9cnico, Engenheiro Florestal e Dendr\u00f3logo, com mestrado em Conserva\u00e7\u00e3o da Natureza, e que n\u00e3o se cansa de estudar as plantas.<\/p>\n<p>Realizou diversas expedi\u00e7\u00f5es bot\u00e2nicas pelo pa\u00eds e participou de estudos flor\u00edsticos, fitossociol\u00f3gicos e invent\u00e1rios florestais, que foram apresentados e\/ou publicados em semin\u00e1rios, congressos, revistas, disserta\u00e7\u00f5es e livros.<\/p>\n<p>Em dezembro de 2014 fundou a <a title=\"Editora Plantas do Brasil\" href=\"http:\/\/www.editoraplantasdobrasil.com.br\" target=\"_blank\" type=\"Acesse aqui nossa Loja Virtual\" data-cke-saved-href=\"http:\/\/www.editoraplantasdobrasil.com.br\">Editora Plantas do Brasil<\/a>, com o lan\u00e7amento do livro: <a title=\"Plantas do Brasil - \u00c1rvores Nativas Vol.1\" href=\"http:\/\/editoraplantasdobrasil.com.br\/loja\/item\/Plantas-do-Brasil-%252d-Arvores-Nativas-Vol.1.html\" target=\"_blank\" type=\"Clique aqui e saiba mais!\" data-cke-saved-href=\"http:\/\/editoraplantasdobrasil.com.br\/loja\/item\/Plantas-do-Brasil-%252d-Arvores-Nativas-Vol.1.html\"><strong>PLANTAS DO BRASIL &#8211; \u00c1RVORES NATIVAS Vol.1<\/strong><\/a>. Recentemente lan\u00e7ou um novo livro intitulado: <a title=\"Plantas do Brasil - Esp\u00e9cies Ornamentais Vol.1\" href=\"http:\/\/editoraplantasdobrasil.com.br\/loja\/item\/Plantas-do-Brasil-%252d-Especies-Ornamentais-Vol.1.html\" target=\"_blank\" data-cke-saved-href=\"http:\/\/editoraplantasdobrasil.com.br\/loja\/item\/Plantas-do-Brasil-%252d-Especies-Ornamentais-Vol.1.html\"><strong>PLANTAS DO BRASIL &#8211; ESP\u00c9CIES ORNAMENTAIS Vol.1.<\/strong><\/a><\/p>\n<p>&nbsp;<\/p>\n<h2 style=\"text-align: center;\"><\/h2>\n<hr \/>\n<h3>Carla Henke<\/h3>\n<p><img loading=\"lazy\" decoding=\"async\" class=\"alignleft wp-image-25095\" src=\"http:\/\/plantasdobrasil.com.br\/blog\/wp-content\/uploads\/2013\/10\/971308_448853395246764_108376541_n.jpg\" sizes=\"auto, (max-width: 300px) 100vw, 300px\" width=\"187\" height=\"279\" title=\"\" alt=\"\" \/><\/p>\n<p>&nbsp;<\/p>\n<p>&nbsp;<\/p>\n<p><span class=\"st\">Carla Henke \u00e9 T\u00e9cnica Florestal e S\u00f3cia-propriet\u00e1ria da <a title=\"Editora Plantas do Brasil\" href=\"http:\/\/www.editoraplantasdobrasil.com.br\" target=\"_blank\" type=\"Acesse aqui nossa Loja Virtual\" data-cke-saved-href=\"http:\/\/www.editoraplantasdobrasil.com.br\">Editora Plantas do Brasil.<\/a> Possui ampla experi\u00eancia em rotinas administrativas, vendas, NFe, E-Commerce e, al\u00e9m disso, grande interesse em plantas frut\u00edferas, aliment\u00edcias e medicinais.<br \/>\n<\/span><\/p>\n<p>&nbsp;<\/p>\n<h2 style=\"text-align: center;\"><\/h2>\n<p>&nbsp;<\/p>\n<p>&nbsp;<\/p>\n<hr \/>\n<h4 style=\"text-align: left;\">Desejamos a todos uma boa leitura!<\/h4>\n<p>&nbsp;<\/p>\n<p>&nbsp;<\/p>\n<p>&nbsp;<\/p>\n<p style=\"text-align: left;\">Publique um artigo aqui no blog!<\/p>\n<p style=\"text-align: left;\">Se voc\u00ea \u00e9 um profissional que atua neste vasto universo das plantas e deseja compartilhar seus conhecimentos, publique aqui seu(s) artigo(s).<\/p>\n<blockquote>\n<h2 style=\"text-align: center;\"><a href=\"http:\/\/plantasdobrasil.com.br\/blog\/enviar-artigo\/\">Envie Seu Artigo<\/a><\/h2>\n<\/blockquote>\n<p>&nbsp;<\/p>\n<p>&nbsp;<\/p>\n<!-- AddThis Advanced Settings generic via filter on the_content --><!-- AddThis Share Buttons generic via filter on the_content -->","protected":false},"excerpt":{"rendered":"<p>&nbsp; Este blog \u00e9 parte integrante do Projeto Plantas do Brasil, que tem como miss\u00e3o ampliar, documentar, difundir e popularizar o conhecimento sobre a biodiversidade da nossa bela e rica flora do Brasil. O objetivo aqui \u00e9 criar um banco de dados colaborativo, aproveitando os benef\u00edcios da internet, onde profissionais tenham espa\u00e7o para publicar seus [&hellip;]<!-- AddThis Advanced Settings generic via filter on get_the_excerpt --><!-- AddThis Share Buttons generic via filter on get_the_excerpt --><\/p>\n","protected":false},"author":1,"featured_media":0,"parent":0,"menu_order":0,"comment_status":"open","ping_status":"open","template":"","meta":{"content-type":"","_exactmetrics_skip_tracking":false,"_exactmetrics_sitenote_active":false,"_exactmetrics_sitenote_note":"","_exactmetrics_sitenote_category":0,"footnotes":""},"class_list":["post-2","page","type-page","status-publish","hentry"],"_links":{"self":[{"href":"https:\/\/plantasdobrasil.com.br\/blog\/wp-json\/wp\/v2\/pages\/2","targetHints":{"allow":["GET"]}}],"collection":[{"href":"https:\/\/plantasdobrasil.com.br\/blog\/wp-json\/wp\/v2\/pages"}],"about":[{"href":"https:\/\/plantasdobrasil.com.br\/blog\/wp-json\/wp\/v2\/types\/page"}],"author":[{"embeddable":true,"href":"https:\/\/plantasdobrasil.com.br\/blog\/wp-json\/wp\/v2\/users\/1"}],"replies":[{"embeddable":true,"href":"https:\/\/plantasdobrasil.com.br\/blog\/wp-json\/wp\/v2\/comments?post=2"}],"version-history":[{"count":81,"href":"https:\/\/plantasdobrasil.com.br\/blog\/wp-json\/wp\/v2\/pages\/2\/revisions"}],"predecessor-version":[{"id":194,"href":"https:\/\/plantasdobrasil.com.br\/blog\/wp-json\/wp\/v2\/pages\/2\/revisions\/194"}],"wp:attachment":[{"href":"https:\/\/plantasdobrasil.com.br\/blog\/wp-json\/wp\/v2\/media?parent=2"}],"curies":[{"name":"wp","href":"https:\/\/api.w.org\/{rel}","templated":true}]}}

<p>&nbsp;</p>
<p>Este blog é parte integrante do <a title="Editora Plantas do Brasil" href="http://www.plantasdobrasil.com.br" target="_blank" type="Acesse aqui nossa Loja Virtual" data-cke-saved-href="http://www.editoraplantasdobrasil.com.br">Projeto Plantas do Brasil</a>, que tem como missão ampliar, documentar, difundir e popularizar o conhecimento sobre a biodiversidade da nossa bela e rica flora do Brasil.</p>
<blockquote><p>O objetivo aqui é criar um banco de dados colaborativo, aproveitando os benefícios da internet, onde profissionais tenham espaço para publicar seus artigos abordando temas relacionados as plantas nativas e exóticas cultivadas em nosso país, servindo como fonte de consulta para toda a comunidade brasileira.</p></blockquote>
<p>Além dos artigos de colaboradores, o blog será alimentado com conteúdos e publicações exclusivas produzidas pela <a title="Editora Plantas do Brasil" href="http://www.editoraplantasdobrasil.com.br" target="_blank" type="Acesse aqui nossa Loja Virtual" data-cke-saved-href="http://www.editoraplantasdobrasil.com.br">Editora Plantas do Brasil</a>.</p>
<p>&nbsp;</p>
<p><em>Editores:</em></p>
<hr />
<h3>Daniel Saueressig</h3>
<p><img loading="lazy" decoding="async" class="alignleft wp-image-25095" src="http://plantasdobrasil.com.br/blog/wp-content/uploads/2013/10/1010434_10151770643250934_1197999292_n.jpg" sizes="auto, (max-width: 300px) 100vw, 300px" width="194" height="258" title="" alt="" /></p>
<p>Daniel Saueressig é Técnico, Engenheiro Florestal e Dendrólogo, com mestrado em Conservação da Natureza, e que não se cansa de estudar as plantas.</p>
<p>Realizou diversas expedições botânicas pelo país e participou de estudos florísticos, fitossociológicos e inventários florestais, que foram apresentados e/ou publicados em seminários, congressos, revistas, dissertações e livros.</p>
<p>Em dezembro de 2014 fundou a <a title="Editora Plantas do Brasil" href="http://www.editoraplantasdobrasil.com.br" target="_blank" type="Acesse aqui nossa Loja Virtual" data-cke-saved-href="http://www.editoraplantasdobrasil.com.br">Editora Plantas do Brasil</a>, com o lançamento do livro: <a title="Plantas do Brasil - Árvores Nativas Vol.1" href="http://editoraplantasdobrasil.com.br/loja/item/Plantas-do-Brasil-%252d-Arvores-Nativas-Vol.1.html" target="_blank" type="Clique aqui e saiba mais!" data-cke-saved-href="http://editoraplantasdobrasil.com.br/loja/item/Plantas-do-Brasil-%252d-Arvores-Nativas-Vol.1.html"><strong>PLANTAS DO BRASIL &#8211; ÁRVORES NATIVAS Vol.1</strong></a>. Recentemente lançou um novo livro intitulado: <a title="Plantas do Brasil - Espécies Ornamentais Vol.1" href="http://editoraplantasdobrasil.com.br/loja/item/Plantas-do-Brasil-%252d-Especies-Ornamentais-Vol.1.html" target="_blank" data-cke-saved-href="http://editoraplantasdobrasil.com.br/loja/item/Plantas-do-Brasil-%252d-Especies-Ornamentais-Vol.1.html"><strong>PLANTAS DO BRASIL &#8211; ESPÉCIES ORNAMENTAIS Vol.1.</strong></a></p>
<p>&nbsp;</p>
<h2 style="text-align: center;"></h2>
<hr />
<h3>Carla Henke</h3>
<p><img loading="lazy" decoding="async" class="alignleft wp-image-25095" src="http://plantasdobrasil.com.br/blog/wp-content/uploads/2013/10/971308_448853395246764_108376541_n.jpg" sizes="auto, (max-width: 300px) 100vw, 300px" width="187" height="279" title="" alt="" /></p>
<p>&nbsp;</p>
<p>&nbsp;</p>
<p><span class="st">Carla Henke é Técnica Florestal e Sócia-proprietária da <a title="Editora Plantas do Brasil" href="http://www.editoraplantasdobrasil.com.br" target="_blank" type="Acesse aqui nossa Loja Virtual" data-cke-saved-href="http://www.editoraplantasdobrasil.com.br">Editora Plantas do Brasil.</a> Possui ampla experiência em rotinas administrativas, vendas, NFe, E-Commerce e, além disso, grande interesse em plantas frutíferas, alimentícias e medicinais.<br />
</span></p>
<p>&nbsp;</p>
<h2 style="text-align: center;"></h2>
<p>&nbsp;</p>
<p>&nbsp;</p>
<hr />
<h4 style="text-align: left;">Desejamos a todos uma boa leitura!</h4>
<p>&nbsp;</p>
<p>&nbsp;</p>
<p>&nbsp;</p>
<p style="text-align: left;">Publique um artigo aqui no blog!</p>
<p style="text-align: left;">Se você é um profissional que atua neste vasto universo das plantas e deseja compartilhar seus conhecimentos, publique aqui seu(s) artigo(s).</p>
<blockquote>
<h2 style="text-align: center;"><a href="http://plantasdobrasil.com.br/blog/enviar-artigo/">Envie Seu Artigo</a></h2>
</blockquote>
<p>&nbsp;</p>
<p>&nbsp;</p>
<!-- AddThis Advanced Settings generic via filter on the_content --><!-- AddThis Share Buttons generic via filter on the_content -->

<p>&nbsp; Este blog é parte integrante do Projeto Plantas do Brasil, que tem como missão ampliar, documentar, difundir e popularizar o conhecimento sobre a biodiversidade da nossa bela e rica flora do Brasil. O objetivo aqui é criar um banco de dados colaborativo, aproveitando os benefícios da internet, onde profissionais tenham espaço para publicar seus [&hellip;]<!-- AddThis Advanced Settings generic via filter on get_the_excerpt --><!-- AddThis Share Buttons generic via filter on get_the_excerpt --></p>
