{"id":201,"date":"2017-05-03T17:29:55","date_gmt":"2017-05-03T17:29:55","guid":{"rendered":"http:\/\/plantasdobrasil.com.br\/curso-de-dendrologia\/?page_id=201"},"modified":"2020-05-23T04:11:47","modified_gmt":"2020-05-23T04:11:47","slug":"folha","status":"publish","type":"page","link":"https:\/\/plantasdobrasil.com.br\/curso-de-dendrologia\/terminologia-dendrologica\/folha\/","title":{"rendered":"Folha"},"content":{"rendered":"<p>A folha \u00e9 um \u00f3rg\u00e3o vegetal que\u00a0surge lateralmente nos ramos ou no caule, especializado na elabora\u00e7\u00e3o de alimentos org\u00e2nicos sob a a\u00e7\u00e3o da luz e trocas gasosas com a atmosfera.<\/p>\n<p><!--more--><\/p>\n<p>Est\u00e1 presente em quase todos os vegetais superiores, salvo exce\u00e7\u00f5es, como por exemplo, em algumas esp\u00e9cies das fam\u00edlias Euphorbiaceae, Cactaceae e em algumas esp\u00e9cies australianas do g\u00eanero <em>Acacia <\/em>(<em>A. podalyriaefolia, A. longifolia <\/em>e<em> A. melanoxylon<\/em>), onde nesta \u00faltima a estrutura laminar n\u00e3o corresponde ao limbo da folha, mas sim uma dilata\u00e7\u00e3o do pec\u00edolo, denominado fil\u00f3dio.<\/p>\n<p><span class=\"st\">Quando a planta \u00e9 desprovida de folhas \u00e9 denominada \u00e1fila e ef\u00eamera quando estas apresentam dimens\u00f5es muito reduzidas. Nesses casos, de maneira geral, as plantas realizam a fotoss\u00edntese em ramos providos de c\u00e9lulas clorofiladas, que tem, por este motivo, colora\u00e7\u00e3o esverdeada.<\/span><\/p>\n<p>&nbsp;<\/p>\n<p><strong>Suas Fun\u00e7\u00f5es<\/strong><\/p>\n<ul>\n<li><strong>Fotoss\u00edntese<\/strong>: os vegetais s\u00e3o seres autotr\u00f3ficos (capazes de produzir seu pr\u00f3prio alimento), e para isso s\u00e3o dotados de pigmentos (clorofilas, caroten\u00f3ides e ficobilinas) capazes de captar a energia solar e a partir de subst\u00e2ncias inorg\u00e2nicas simples (\u00e1gua e g\u00e1s carb\u00f4nico), transform\u00e1-la em alimento org\u00e2nico.<\/li>\n<li><strong>Respira\u00e7\u00e3o<\/strong>: entrada de oxig\u00eanio e sa\u00edda de g\u00e1s carb\u00f4nico, atrav\u00e9s de estruturas especializadas denominadas est\u00f4matos.<\/li>\n<li><strong>Transpira\u00e7\u00e3o<\/strong>: \u00e9 o processo pelo qual a planta expele as quantidades de \u00e1gua excedentes em forma de vapor. Existem duas formas de transpira\u00e7\u00e3o nos vegetais. A primeira e mais comum (cerca de 90%) \u00e9 a transpira\u00e7\u00e3o estom\u00e1tica, realizada atrav\u00e9s dos est\u00f4matos, cuja abertura o vegetal pode controlar; a segunda \u00e9 a transpira\u00e7\u00e3o cuticular (cerca de 10%), na qual a cut\u00edcula, localizada na epiderme da folha, permite a passagem de \u00e1gua.<\/li>\n<li><strong>Guta\u00e7\u00e3o<\/strong>: perda de \u00e1gua em forma de l\u00edquido\u00a0<span class=\"st\">pelos hidat\u00f3dios<\/span> e ocorre apenas em algumas esp\u00e9cies.<\/li>\n<\/ul>\n<p>A folha apresenta crescimento limitado, limitando-se o processo quando alcan\u00e7adas as dimens\u00f5es t\u00edpicas de cada esp\u00e9cie.<\/p>\n<p>&nbsp;<\/p>\n<h3>As Partes das Folhas<\/h3>\n<p>A folha completa possui 4 partes (limbo, pec\u00edolo, est\u00edpula e bainha). Contudo, qualquer uma destas partes pode faltar.<\/p>\n<p>As folhas que contenham essas 4 partes s\u00e3o chamadas de completas e aquelas que faltam uma ou mais partes s\u00e3o chamadas de incompletas. O menos freq\u00fcente \u00e9 a aus\u00eancia de limbo e mais freq\u00fcente \u00e9 a falta das est\u00edpulas.<\/p>\n<p>&nbsp;<\/p>\n<p><strong>Limbo &#8211;<\/strong> (ou l\u00e2mina) \u00e9 a parte dilatada e mais evidente da folha.<br \/>\n<strong> Pec\u00edolo &#8211;<\/strong> \u00e9 a parte estreita que une a l\u00e2mina foliar ao caule ou ramo. Quando ausente a folha \u00e9 dita s\u00e9ssil. O termo s\u00e9ssil \u00e9 usado tamb\u00e9m para designar a aus\u00eancia de peci\u00f3lulo nas folhas compostas pinadas e bipinadas.<br \/>\n<strong> Est\u00edpula &#8211; <\/strong>\u00e9 geralmente uma pequena forma\u00e7\u00e3o laminar, com a forma de escama, dispostas na base do pec\u00edolo ou nos n\u00f3s, e com a fun\u00e7\u00e3o de proteger as gemas de crescimento. Mais informa\u00e7\u00f5es sobre as <strong>Est\u00edpulas<\/strong> <a href=\"http:\/\/plantasdobrasil.com.br\/curso-de-dendrologia\/terminologia-dendrologica\/folha\/caracteres-eventuais\/estipulas\/\">clique aqui<\/a>.<br \/>\n<strong> Bainha &#8211;<\/strong> \u00e9 a parte basal e achatada da folha, que a prende ao caule ou ramo, envolvendo-o parcial ou totalmente.<\/p>\n<p><img decoding=\"async\" src=\"https:\/\/static.todamateria.com.br\/upload\/57\/d9\/57d95a787086e-folhas.jpg\" alt=\"Folhas\" width=\"480\" \/><\/p>\n<p>Devido \u00e0 import\u00e2ncia da organiza\u00e7\u00e3o da folha na identifica\u00e7\u00e3o das \u00e1rvores, o tema merece uma an\u00e1lise mais detalhada, sendo por isto desmembrada em diferentes partes:<\/p>\n<ul>\n<li id=\"menu-item-258\" class=\"menu-item menu-item-type-post_type menu-item-object-page current-menu-item page_item page-item-84 current_page_item menu-item-258\"><a href=\"http:\/\/plantasdobrasil.com.br\/curso-de-dendrologia\/terminologia-dendrologica\/folha\/tipo-de-folha\/\">Tipo de Folha<\/a><\/li>\n<li id=\"menu-item-257\" class=\"menu-item menu-item-type-post_type menu-item-object-page menu-item-257\"><a href=\"http:\/\/plantasdobrasil.com.br\/curso-de-dendrologia\/terminologia-dendrologica\/folha\/filotaxia\/\">Filotaxia<\/a><\/li>\n<li id=\"menu-item-256\" class=\"menu-item menu-item-type-post_type menu-item-object-page menu-item-256\"><a href=\"http:\/\/plantasdobrasil.com.br\/curso-de-dendrologia\/terminologia-dendrologica\/folha\/forma\/\">Forma<\/a><\/li>\n<li id=\"menu-item-255\" class=\"menu-item menu-item-type-post_type menu-item-object-page menu-item-255\"><a href=\"http:\/\/plantasdobrasil.com.br\/curso-de-dendrologia\/terminologia-dendrologica\/folha\/margem\/\">Margem<\/a><\/li>\n<li id=\"menu-item-254\" class=\"menu-item menu-item-type-post_type menu-item-object-page menu-item-254\"><a href=\"http:\/\/plantasdobrasil.com.br\/curso-de-dendrologia\/terminologia-dendrologica\/folha\/apice\/\">\u00c1pice<\/a><\/li>\n<li id=\"menu-item-253\" class=\"menu-item menu-item-type-post_type menu-item-object-page menu-item-253\"><a href=\"http:\/\/plantasdobrasil.com.br\/curso-de-dendrologia\/terminologia-dendrologica\/folha\/base\/\">Base<\/a><\/li>\n<li id=\"menu-item-252\" class=\"menu-item menu-item-type-post_type menu-item-object-page menu-item-252\"><a href=\"http:\/\/plantasdobrasil.com.br\/curso-de-dendrologia\/terminologia-dendrologica\/folha\/nervacao\/\">Nerva\u00e7\u00e3o<\/a><\/li>\n<li id=\"menu-item-251\" class=\"menu-item menu-item-type-post_type menu-item-object-page menu-item-251\"><a href=\"http:\/\/plantasdobrasil.com.br\/curso-de-dendrologia\/terminologia-dendrologica\/folha\/consistencia\/\">Consist\u00eancia<\/a><\/li>\n<li id=\"menu-item-248\" class=\"menu-item menu-item-type-post_type menu-item-object-page menu-item-has-children menu-item-248\"><a href=\"http:\/\/plantasdobrasil.com.br\/curso-de-dendrologia\/terminologia-dendrologica\/folha\/caracteres-eventuais\/\">Caracteres Eventuais<\/a><\/li>\n<\/ul>\n<p>&nbsp;<\/p>\n<p>&nbsp;<\/p>\n<p>&nbsp;<\/p>\n","protected":false},"excerpt":{"rendered":"<p>A folha \u00e9 um \u00f3rg\u00e3o vegetal que\u00a0surge lateralmente nos ramos ou no caule, especializado na elabora\u00e7\u00e3o de alimentos org\u00e2nicos sob a a\u00e7\u00e3o da luz e trocas gasosas com a atmosfera.<\/p>\n","protected":false},"author":2,"featured_media":0,"parent":199,"menu_order":59,"comment_status":"open","ping_status":"open","template":"","meta":{"content-type":"","_exactmetrics_skip_tracking":false,"_exactmetrics_sitenote_active":false,"_exactmetrics_sitenote_note":"","_exactmetrics_sitenote_category":0,"_joinchat":[],"footnotes":""},"class_list":["post-201","page","type-page","status-publish","hentry"],"_links":{"self":[{"href":"https:\/\/plantasdobrasil.com.br\/curso-de-dendrologia\/wp-json\/wp\/v2\/pages\/201","targetHints":{"allow":["GET"]}}],"collection":[{"href":"https:\/\/plantasdobrasil.com.br\/curso-de-dendrologia\/wp-json\/wp\/v2\/pages"}],"about":[{"href":"https:\/\/plantasdobrasil.com.br\/curso-de-dendrologia\/wp-json\/wp\/v2\/types\/page"}],"author":[{"embeddable":true,"href":"https:\/\/plantasdobrasil.com.br\/curso-de-dendrologia\/wp-json\/wp\/v2\/users\/2"}],"replies":[{"embeddable":true,"href":"https:\/\/plantasdobrasil.com.br\/curso-de-dendrologia\/wp-json\/wp\/v2\/comments?post=201"}],"version-history":[{"count":14,"href":"https:\/\/plantasdobrasil.com.br\/curso-de-dendrologia\/wp-json\/wp\/v2\/pages\/201\/revisions"}],"predecessor-version":[{"id":8418,"href":"https:\/\/plantasdobrasil.com.br\/curso-de-dendrologia\/wp-json\/wp\/v2\/pages\/201\/revisions\/8418"}],"up":[{"embeddable":true,"href":"https:\/\/plantasdobrasil.com.br\/curso-de-dendrologia\/wp-json\/wp\/v2\/pages\/199"}],"wp:attachment":[{"href":"https:\/\/plantasdobrasil.com.br\/curso-de-dendrologia\/wp-json\/wp\/v2\/media?parent=201"}],"curies":[{"name":"wp","href":"https:\/\/api.w.org\/{rel}","templated":true}]}}