{"id":5905,"date":"2017-06-14T01:47:10","date_gmt":"2017-06-14T01:47:10","guid":{"rendered":"http:\/\/plantasdobrasil.com.br\/curso-de-dendrologia\/?page_id=5905"},"modified":"2018-01-27T22:10:06","modified_gmt":"2018-01-27T22:10:06","slug":"exsudacoes","status":"publish","type":"page","link":"https:\/\/plantasdobrasil.com.br\/curso-de-dendrologia\/terminologia-dendrologica\/casca\/caracteres-eventuais\/exsudacoes\/","title":{"rendered":"Exsuda\u00e7\u00f5es"},"content":{"rendered":"<p>Os exsudados s\u00e3o subst\u00e2ncias flu\u00eddas encontradas em c\u00e9lulas secretoras especiais, geralmente do floema. S\u00e3o elementos que surgem geralmente da casca interna quando esta \u00e9 ferida. Ocasionalmente surge tamb\u00e9m quando destacamos uma folha.<\/p>\n<p><!--more--><\/p>\n<p>Com rela\u00e7\u00e3o da presen\u00e7a de exsudados, deve-se prestar aten\u00e7\u00e3o na cor, abund\u00e2ncia e viscosidade. De maneira geral, temos 4 tipos de exsudados: seiva, l\u00e1tex, resina e goma.<\/p>\n<h3>Seiva<\/h3>\n<p>A seiva do floema \u00e9 composta por cerca de 80 a 90% de \u00e1gua e 10 a 20% de produtos da fotoss\u00edntese. Quando se corta a casca interna de v\u00e1rias esp\u00e9cies arb\u00f3reas, o floema exsuda rapidamente. A exsuda\u00e7\u00e3o come\u00e7a com grande velocidade, mas, dentro de alguns minutos, diminui e p\u00e1ra.<\/p>\n<h3>L\u00e1tex<\/h3>\n<p>A presen\u00e7a de l\u00e1tex, um flu\u00eddo leitoso, geralmente com 50% ou mais de \u00e1gua, \u00e9 uma caracter\u00edstica importante para o reconhecimento de diversas fam\u00edlias. As fam\u00edlias Euphorbiaceae e Moraceae, por exemplo, comumente exsudam abundante l\u00e1tex, podendo ser branco (<em>Ficus luschnatiana<\/em> e <em>Sapium glandulosum<\/em>), amarelado (<em>Maclura tinctoria<\/em>, <em>Sorocea bonplandii<\/em>), marrom (algumas esp\u00e9cies do g\u00eanero <em>Brosimum<\/em>) at\u00e9 avermelhado (<em>Croton urucurana<\/em>). As Clusiaceae s\u00e3o caracterizadas pelo l\u00e1tex de exsuda\u00e7\u00e3o lenta de cores quentes \u2013 amarelo, laranja e at\u00e9 vermelho.<\/p>\n<blockquote><p>A seringueira (<em>Hevea brasiliensis<\/em>), nativa da Floresta Amaz\u00f4nica brasileira, est\u00e1 entre as principais plantas dotadas de l\u00e1tex, de real import\u00e2ncia para a produ\u00e7\u00e3o de borracha. O Estado de S\u00e3o Paulo atualmente \u00e9 respons\u00e1vel por aproximadamente 50% da produ\u00e7\u00e3o de l\u00e1tex do Brasil e est\u00e1 numa regi\u00e3o de escape da doen\u00e7a mal-das-folhas.<\/p><\/blockquote>\n<h3>Resina<\/h3>\n<p>Resina \u00e9 uma secre\u00e7\u00e3o viscosa, pegajosa, geralmente arom\u00e1tica e que solidifica em contato com o ar, assumindo aspecto v\u00edtreo. Exuda do caule ou de outros \u00f3rg\u00e3os de certas esp\u00e9cies que cont\u00e9m subst\u00e2ncias inflam\u00e1veis, amorfas, odor\u00edferas e anti-s\u00e9pticas, as quais cicatrizam qualquer ferida em tais \u00f3rg\u00e3os.<\/p>\n<p>As <em>Virola spp.<\/em> (Myristicaceae), exibem uma resina vermelha, que escorre abundantemente, da\u00ed suas esp\u00e9cies serem chamadas comumente de \u201csangue de drago\u201d. \u00c9 frequente na fam\u00edlia Anacardiaceae e em v\u00e1rias Fabaceae, como por exemplo em <em>Copaifera langsdorffii<\/em> (incolor), Pterocarpus violaceus (vermelha) e <em>Machaerium paraguariense<\/em> (marrom).<\/p>\n<blockquote><p>As con\u00edferas, resinosas ou resin\u00edferas est\u00e3o entre as plantas mais produtoras de resina e caracterizam-se por apresentar canais resin\u00edferos. A resina das \u00e1rvores do g\u00eanero Pinus apresenta cerca de 75 a 80% de breu e de 16 a 18% de terebintina. Entre as esp\u00e9cies cultivadas no Brasil, o <em>Pinus elliottii<\/em> var. <em>elliottii<\/em> \u00e9 a principal esp\u00e9cie produtora de resina.<\/p><\/blockquote>\n<h3>Gomas<\/h3>\n<p>S\u00e3o subst\u00e2ncias transl\u00facidas, colantes e gelatinosas, que reagem com a \u00e1gua, aumentando de volume e formando uma solu\u00e7\u00e3o viscosa. Como exemplo citam-se o grande grupo das Malvaceae (Bombacaceae, Sterculiaceae, Tiliaceae) e as Lecythidaceae, por exemplo, a sapucaia (<em>Lecythis pisonis<\/em>) que ap\u00f3s traumas forma uma goma preta.<\/p>\n","protected":false},"excerpt":{"rendered":"<p>Os exsudados s\u00e3o subst\u00e2ncias flu\u00eddas encontradas em c\u00e9lulas secretoras especiais, geralmente do floema. S\u00e3o elementos que surgem geralmente da casca interna quando esta \u00e9 ferida. Ocasionalmente surge tamb\u00e9m quando destacamos uma folha.<\/p>\n","protected":false},"author":1,"featured_media":0,"parent":279,"menu_order":49,"comment_status":"open","ping_status":"open","template":"","meta":{"content-type":"","_exactmetrics_skip_tracking":false,"_exactmetrics_sitenote_active":false,"_exactmetrics_sitenote_note":"","_exactmetrics_sitenote_category":0,"_joinchat":[],"footnotes":""},"class_list":["post-5905","page","type-page","status-publish","hentry"],"_links":{"self":[{"href":"https:\/\/plantasdobrasil.com.br\/curso-de-dendrologia\/wp-json\/wp\/v2\/pages\/5905","targetHints":{"allow":["GET"]}}],"collection":[{"href":"https:\/\/plantasdobrasil.com.br\/curso-de-dendrologia\/wp-json\/wp\/v2\/pages"}],"about":[{"href":"https:\/\/plantasdobrasil.com.br\/curso-de-dendrologia\/wp-json\/wp\/v2\/types\/page"}],"author":[{"embeddable":true,"href":"https:\/\/plantasdobrasil.com.br\/curso-de-dendrologia\/wp-json\/wp\/v2\/users\/1"}],"replies":[{"embeddable":true,"href":"https:\/\/plantasdobrasil.com.br\/curso-de-dendrologia\/wp-json\/wp\/v2\/comments?post=5905"}],"version-history":[{"count":11,"href":"https:\/\/plantasdobrasil.com.br\/curso-de-dendrologia\/wp-json\/wp\/v2\/pages\/5905\/revisions"}],"predecessor-version":[{"id":6665,"href":"https:\/\/plantasdobrasil.com.br\/curso-de-dendrologia\/wp-json\/wp\/v2\/pages\/5905\/revisions\/6665"}],"up":[{"embeddable":true,"href":"https:\/\/plantasdobrasil.com.br\/curso-de-dendrologia\/wp-json\/wp\/v2\/pages\/279"}],"wp:attachment":[{"href":"https:\/\/plantasdobrasil.com.br\/curso-de-dendrologia\/wp-json\/wp\/v2\/media?parent=5905"}],"curies":[{"name":"wp","href":"https:\/\/api.w.org\/{rel}","templated":true}]}}